, 5
Suppose 0 = 2*i - 3*u - u - 18, -3*i = -2*u - 27. Let o be (-2128)/(-12) + 6/i. What are the prime factors of (1/2)/(1/o)?
89
List the prime factors of (-88)/33 - (-403988)/12.
3, 7, 229
Let i(s) = s. Let n(o) = -6*o**2 + o - 4. Let l(j) = 7*j**2 + 5. Let k(q) = 5*l(q) + 6*n(q). Let g(x) = 6*i(x) - k(x). List the prime factors of g(-2).
3
Suppose -37 - 41 = 13*j. Let f(t) = -81*t + 6. What are the prime factors of f(j)?
2, 3, 41
Suppose -u - 1002 = -5*a - 3*u, 2*u - 802 = -4*a. Let b = a - -245. What are the prime factors of b?
5, 89
Let n = -624 - -704. List the prime factors of -1*872*n/(-40).
2, 109
Suppose 11*q - 8*q - 3*j = 12, 4*q + 3*j = 23. Suppose 82 + 345 = 4*a - q*r, 108 = a - r. What are the prime factors of a?
113
Let b(v) = 87*v**2 + 84*v**2 - 6*v - 167*v**2 + 2*v. What are the prime factors of b(2)?
2
Let k be 6/7 - 23562/49. Let m = k + 817. What are the prime factors of m?
337
Suppose -50*k = -1005816 - 13134. What are the prime factors of k?
3, 6793
Let m be (-9)/(-2)*(-1477)/(-21)*6. What are the prime factors of m/7 + -1 - (-30)/(-105)?
2, 3, 5
Let q be 15 + -21 + (6 - 2). What are the prime factors of (81/108)/(-2*q/864)?
2, 3
Let m be (-1 + -341)*((-475)/57 - -9). Suppose -5*u = -4*u + 142. Let j = u - m. List the prime factors of j.
2, 43
Let n(m) = 441*m - 1 + 6*m**2 - 19 - 430*m. What are the prime factors of n(7)?
3, 13
Suppose 76*x + 51*x - 12975 - 2900 = 0. Let h be ((-1)/2 + 0)*-4. Suppose -h*f + 317 = -x. List the prime factors of f.
13, 17
Suppose m = -3*r + 24300, -5*m + 70209 + 51151 = -5*r. List the prime factors of m.
3, 8093
Suppose -107 = -2*c - 35. Let z = -32 + c. Suppose 224 = z*b - 32. What are the prime factors of b?
2
Let c(u) = 35*u**3 - 8*u**2 - 501*u + 2999. List the prime factors of c(6).
5, 1453
Let z = -52191 - -101027. List the prime factors of z.
2, 29, 421
Let u(m) = m + 4. Let o be u(-2). Suppose 0 = k + o*k - 3*y - 12, 4*k = -5*y + 7. Suppose -l - 97 = -2*l + 5*f, -267 = -k*l + 3*f. List the prime factors of l.
3, 29
Suppose -4 = -2*l, -4*l + 1 = -3*w + 2. Let k(q) = -w - 4*q + 0 - 1 + 22*q**2. List the prime factors of k(-2).
2, 23
Let m(l) = l**2 - 20*l - 57. Let f be m(23). What are the prime factors of (f/(-5))/(-5*13/40950)?
2, 3, 7
Suppose -13536 = -11*l + 17*l. Let q = -1127 - l. What are the prime factors of q?
1129
Suppose -3*i = -3*k - 303, 0*i + 4*i - 5*k = 400. Let r = 314 - i. Suppose 909 - r = 5*a. List the prime factors of a.
2, 5, 7
Let j = -5732 + 5949. Let m = -18 + 71. Suppose j = 5*q - m. What are the prime factors of q?
2, 3
Let u be 0/((0 - 25)/5). Suppose 3*l + l - 704 = u. List the prime factors of l.
2, 11
Let c(i) = 74*i**2 - 57*i - 760. What are the prime factors of c(-15)?
5, 17, 197
Suppose 2*u - 6696 = -4*o, -10*u = -5*u + 3*o - 16761. What are the prime factors of u?
2, 3, 13, 43
Let i(o) = 3*o**2 + 1. Let t be i(2). Let d(p) = 21 - 18*p - 18*p - t. What are the prime factors of d(-3)?
2, 29
Let k = -28 - -60. Let q = -26 + k. List the prime factors of (-260)/(-25) + q/(-15).
2, 5
Suppose 3*z + 193 + 575 = 0. Let q = z - -508. List the prime factors of q.
2, 3, 7
Let t(r) = -14*r + 1024. What are the prime factors of t(48)?
2, 11
Suppose 4*d = -f - 60 + 10, -4*d = 2*f + 52. List the prime factors of (-2976)/d + 1 + (-1 - 2).
2, 3, 41
Suppose 0 = 5*o - q + 178, 0 = 3*o - 3*q + 7 + 107. Let l = -31 - o. Suppose -2*c + 96 = 2*r - r, 5*r + l*c - 456 = 0. What are the prime factors of r?
2, 11
Suppose 219 = r + 5*c, 0 = -3*c + 7*c + 8. Let w = 649 - r. List the prime factors of w.
2, 3, 5, 7
Let n = 1071 - 1512. List the prime factors of (0 - n/15)/(2/70).
3, 7
Let z be -5*(-8)/10*1. Let t be (-126)/(-147)*(-42)/(-1). Suppose z*i - 304 = t. What are the prime factors of i?
5, 17
Let l(r) = -4*r**2 - 341*r + 149. What are the prime factors of l(-65)?
2, 2707
Let a(o) = -4*o - 12. Let m(l) = l**3 - 5*l**2 - 17*l + 13. Let j be m(7). Let d be a(j). Suppose 5*g = -25, 4*s + g - 475 - d = 0. List the prime factors of s.
5
Let r(s) = -78*s + 2. Let l be r(-1). Let o = 43 + -43. Suppose o = -82*y + l*y + 438. What are the prime factors of y?
3, 73
Let i = -1338 + -3238. Let f be i/(-144) + (-2)/(-9). List the prime factors of 6/(0 + 2) + f.
5, 7
Let t be (3 - (-27)/21)*28. Let l = 219 - t. What are the prime factors of l + (3 - 3) + -2?
97
Suppose -2*v + 0*b + 730 = 2*b, -3*v + 4*b = -1130. Let g(p) = -2*p**3 - 25*p**2 - 9*p + 1. Let w be g(-11). Let h = v + w. What are the prime factors of h?
107
Suppose 4*u - 115 = 13. Let v be (-39)/(-26)*u/(-6). List the prime factors of (-1)/((v/148)/2).
37
Let q(j) = j**3 + 15*j**2 + 13*j + 5. Let x be q(-14). Let t = -40 + x. List the prime factors of 182/t*15/(-2).
5, 13
Let f(m) = m. Let b(u) = u. Let p(v) = -6*b(v) + 7*f(v). Let x(z) = -9*z - 7. Let w(r) = p(r) + x(r). What are the prime factors of w(-5)?
3, 11
What are the prime factors of (-5)/((-10)/33)*(-15 + 3 - -778)?
3, 11, 383
Suppose 4*p - 29 = -21. Suppose -p*r - 26 - 20 = 0. Let s = 126 - r. What are the prime factors of s?
149
Let c = -43552 - -81375. List the prime factors of c.
109, 347
Let w = 25074 + 5032. List the prime factors of w.
2, 15053
Let n = 303 + -654. Let i = -3 - n. What are the prime factors of i?
2, 3, 29
Suppose 2*y - 4*n - 20 = 0, -y + 4*n + 6 = -8. Let w be 10/30 + (-32)/y. List the prime factors of ((-10)/w - -93) + 0.
5, 19
Let k = 8288 - 4099. What are the prime factors of k?
59, 71
Let j be 0/18 + (0 - 0). Suppose 12 = -4*t, j = 5*m - 5*t - 214 - 3256. What are the prime factors of m?
691
Let m = 422 - 410. Suppose 2*v - 133 = -q, 8*v + m = 5*v. List the prime factors of q.
3, 47
Let j(m) = 6*m**2 + m - 1. Let l be j(-1). Suppose -5*q - 9 = -34. Suppose q*c - 50 = l*c. What are the prime factors of c?
2, 5
Let k = 43 + -41. Suppose 29*d = -v + 31*d + 589, 3*v - k*d - 1759 = 0. What are the prime factors of v?
3, 5, 13
Let o = 74544 - 27640. What are the prime factors of o?
2, 11, 13, 41
Let h be (-2)/11 + 2848/176. Let m = h - 11. Suppose -m*u = -336 - 34. What are the prime factors of u?
2, 37
Let y be 4*20/50*(-10)/(-4). Suppose -t + y*s = -1036, t = -3*s + 504 + 525. List the prime factors of t.
2, 3, 43
Let g = 239 - 231. Let a = 522 - g. What are the prime factors of a?
2, 257
Let q(i) = -i**3 - i**2 + 4. Let h be q(2). Let l be (-60)/(-8) + ((-4)/h)/1. List the prime factors of 3*l/6 - -197.
3, 67
Let l(c) = -c**3 - 21*c**2 + 3. Let v be l(-21). List the prime factors of 1/v - 34768/(-123).
283
Suppose -28 = -q + 8*q. Let l(y) = 94*y + 1. Let a be l(q). What are the prime factors of a/(-9) - 8/12?
41
Suppose l + 5*n = 16113, 29*l - 33*l - 3*n = -64418. List the prime factors of l.
16103
Suppose -j = 6*j. Let m be (1 + j)/(9 - 8). List the prime factors of (-5)/m*102/(-15).
2, 17
Let b = -9135 - -5780. What are the prime factors of (54/15)/((-11)/b)?
2, 3, 61
Let m(t) = 4*t**2 - 9*t - 26. Let w be m(7). Let y = 861 - w. List the prime factors of y.
2, 13, 29
Suppose -2*z + 1544 = 4*a, 2*z + 4*a = 3*z - 742. Suppose -760*c = -z*c + 1728. List the prime factors of c.
2, 3
Let k = -8496 - -14724. What are the prime factors of ((-18)/4)/((-54)/k)?
3, 173
Suppose -130761 - 703457 = -27*q - 60614. What are the prime factors of q?
2, 13, 19, 29
Suppose -10*m = 3*j - 234899, -j + 0 = 7. List the prime factors of m.
2, 7, 839
Let o = -4075 - -5714. What are the prime factors of o?
11, 149
Suppose 393*f = 369*f + 390384. List the prime factors of f.
2, 3, 2711
Suppose 0*y + 56 = x + 3*y, -x + 56 = y. Suppose -5*m + 58 = n, -6*n - x = -4*m - 2*n. Suppose 0 = m*o - 592 - 2516. What are the prime factors of o?
7, 37
Let y(v) = 2*v**3 - 101*v**2 + 92*v + 5. What are the prime factors of y(52)?
7, 19, 97
Suppose 374*y + 930670 - 128216 = 4979286. What are the prime factors of y?
2, 349
Let u = -14 + 17. Let c(t) = -2*t**2 - 20*t + 23. Let w(z) = 3*z**2 + 41*z - 45. Let h(a) = u*w(a) + 5*c(a). List the prime factors of h(19).
2, 7
Let n(b) = -24*b - 4. Let v be n(-12). List the prime factors of v*(-1 + 20/16).
71
Let d = -64 - -65. Let j be (2/3*9)/(3 - d). Suppose j*t + 328 = 3*g - 248, -t + 384 = 2*g. What are the prime factors of g?
2, 3
Let o be (8/5)/((-2)/5). What are the prime factors of (o - -5 - -4) + 245?
2, 5
Let h(p) = -2*p**3 + 41